+ 3*q = 0. Suppose q*y = -5*n + 5*y, -y = -5*n + 20. What is the units digit of n?
5
Suppose 33 = 2*h - 161. What is the tens digit of h?
9
Suppose -10*u = -11*u - 231. What is the units digit of 1/2 - u/14?
7
Suppose 2*j + 3 = -1. Let v(x) = -3*x**3 - 4*x**2 - 2*x + 2. Let h be v(j). Suppose 4*a = -4*y + 2 + 6, 0 = -4*a + 2*y + h. What is the units digit of a?
3
Let a(g) be the first derivative of g**3/3 - 3*g**2/2 + 3*g - 1. Let x be a(2). Suppose m - x = 1. What is the units digit of m?
2
Let g = -5 - -32. Suppose -3 + g = f. What is the tens digit of f?
2
Suppose 25*z - 26*z = -90. What is the units digit of z?
0
Let i be 6/15 + 7/(-5). What is the units digit of i/(-2)*1*24?
2
Suppose 3*y + 38 = 5*y. Suppose -5*v - 4 + 14 = 0. Suppose -5*j + 3*l + y = -l, v = 2*j + 4*l. What is the units digit of j?
3
Let o be (6/8)/((-2)/8). What is the units digit of (-30)/o + -1 + 2?
1
Let c(s) = -s. Let o be c(-2). Suppose -7*p = -o*p. Suppose -4*d + 5*u - 2 = 0, -3*d = -p*d - 3*u. What is the units digit of d?
2
Let b be 21 - -2 - (-1 + 3). Let q = 14 - b. What is the units digit of q/(-2) + 2/(-4)?
3
Let l(d) = d**2 - 2*d + 3. Let j = 1 - -3. Suppose -3*x - j + 19 = 0. What is the tens digit of l(x)?
1
Suppose 5*v = k - 12, -k - 5*v + 30 = 4*k. What is the units digit of k?
7
Let q = -13 - -19. Let y = 3 + q. What is the units digit of y?
9
Suppose -7*x + 11*x - 136 = 0. Suppose k + k = x. What is the units digit of k?
7
Let c(p) = 2*p - 24. Let b(l) = -4*l + 49. Let g(j) = -4*b(j) - 9*c(j). What is the tens digit of g(0)?
2
Let z = -9 - -9. Suppose z = -2*i - 0*i. Suppose -q + i*q + 1 = 0. What is the units digit of q?
1
What is the tens digit of (47 - -2)*(-2 - -3)?
4
Let b = 43 - 19. Let f be ((-8)/10)/((-4)/10). Suppose n - b = -f*n. What is the units digit of n?
8
What is the hundreds digit of (1/2)/((-14)/(-6832))?
2
Suppose 0 = 4*i - i + 3. Let h = 5 + -2. Let s = h + i. What is the units digit of s?
2
Suppose 0 = 3*b - k + 18 - 1241, 4*b - 1614 = -2*k. What is the tens digit of b?
0
Suppose -i + 15 + 1 = -4*o, 0 = i + 3*o - 9. Let z = -6 + i. What is the units digit of z?
6
Suppose 2*p - 32 = -0*p - 4*k, k = 5*p - 135. What is the units digit of p?
6
Let o = -1 - -4. Let w = o - 7. What is the units digit of (-7 - -1)*w/3?
8
Let h = -7 + 10. Suppose -32 = h*r + r. What is the units digit of 84/r*(-4)/6?
7
Let b(x) = 2*x**2 + 19*x + 17. Let s(d) = -d**2 - 10*d - 9. Let y(u) = 4*b(u) + 7*s(u). What is the tens digit of y(-7)?
1
Suppose 5*c - 3*u = 9, 0*c + 2*c - 10 = -2*u. Suppose 0 = -c*r + 8*r - 5*i, -5*i + 20 = -r. Let b = 8 - r. What is the units digit of b?
3
Suppose -5*c + 2*c = -132. What is the tens digit of c?
4
Suppose -4*c - 4*p - 16 = 0, 0 = c - 0*p + 4*p + 10. Let b be (-41)/4 + c/(-8). What is the tens digit of 2/5 - 126/b?
1
Let c(t) = -7*t + 2. What is the units digit of c(-4)?
0
Suppose 3*d - 211 + 31 = 0. What is the tens digit of d?
6
Suppose z - 108 = -2*z. Suppose -k + 2*l - 24 = -4*k, 4*k - z = -4*l. Suppose 0 = -2*i + 5*i - k. What is the units digit of i?
2
Let u(h) = -h + 3. Let n(s) = -s + 1. Let x(m) = 4*n(m) - u(m). What is the tens digit of x(-7)?
2
Suppose -5*m + 13 = b + 1, b = 2*m - 2. Suppose -b*y = y - 24. Suppose 3*n + z = 7*n - 21, 3*z + y = n. What is the units digit of n?
5
Suppose -2*h = -4, 10*p - 5*h = 5*p + 680. What is the hundreds digit of p?
1
Suppose w + 6 - 2 = 0, -2*n - 3*w = -10. What is the tens digit of n?
1
Let a = 7 - -2. What is the units digit of a?
9
Let x(w) be the first derivative of w**4/4 - 2*w**3 + 4*w**2 - 6*w + 2. What is the units digit of x(5)?
9
What is the units digit of ((-7)/(-4) + (-36)/48)*20?
0
Let k = -129 + 213. What is the units digit of k?
4
Suppose -6*o + 4*o = 4. What is the units digit of ((-26)/(-4))/((-1)/o)?
3
Let a = 206 + -176. What is the units digit of a?
0
Suppose 5*c + 68 = 4*v + 604, 0 = 4*c - v - 420. Suppose 0 = -4*u + 5*t + c, 3 = u + 5*t - 23. What is the tens digit of u?
2
Let l = 2 - 0. Suppose -g - i - 2 + 11 = 0, -l*g = 4*i - 20. Suppose -3*u + 7*u = g. What is the units digit of u?
2
Let z(u) = u**3 - 6*u**2 - 7*u + 2. Let x be z(7). Suppose -o + x - 4 = 0, -2*o - 10 = -g. What is the units digit of g/2*(-10)/(-3)?
0
Suppose 5*w + 22 + 13 = 0. Let d(i) = i + 2. Let m be d(w). What is the units digit of (-7 - 1)/(-7 - m)?
4
Suppose 0 = 5*s - 3*t + 8, 0 = -0*s + 2*s + 3*t + 20. Let n = 3 + s. What is the units digit of n + (-4)/((-4)/3)?
2
Let i(j) = -j**2 - 14*j - 10. Suppose 5*a + 4*b + 53 = 0, a + b + 3*b = -17. What is the tens digit of i(a)?
3
Let k = -47 + 67. Suppose -4*s + 3*f + k = -9, f = -5*s + 41. What is the units digit of (-1)/(-5) - s/(-10)?
1
Let m be (3 - 0) + -5 - -9. Suppose m = -3*d + 19. What is the units digit of d?
4
Suppose 0 = -3*i - 0*i + 3*l, -5*i - 4*l = -18. What is the units digit of i?
2
Suppose -2*a - u = 2*a - 31, 5*u = 2*a - 21. Let n = a - 4. Suppose 0 = n*j - 10 - 10. What is the units digit of j?
5
Let b = 0 + -2. Let f(q) = -q**2 - 5*q + 1. Let d be f(-6). What is the units digit of ((-7)/d)/(b/(-10))?
7
Let h(n) = -n**3. Let u be h(0). Let g = -12 - u. What is the tens digit of (-3)/g + (-59)/(-4)?
1
Let o be (3/(-6))/((-2)/(-8)). Let a(l) = 2*l**2 + l - 2. Let b be a(o). Suppose 5*q - 80 = -5*t, 2*q - b*t + 2*t - 20 = 0. What is the tens digit of q?
1
Let t(i) = i**3 - 5*i**2 + i - 7. What is the tens digit of t(6)?
3
Let k = -2 - -6. Suppose -k*f = f - 60. What is the tens digit of f?
1
Suppose -3*r = p + 2*r - 414, 0 = -4*p - 5*r + 1686. What is the units digit of (-1)/(-6) + p/48?
9
Let y(u) be the third derivative of 4*u**5/15 + u**4/24 + u**3/6 - 6*u**2. What is the units digit of y(-1)?
6
Let j = -14 - -123. What is the hundreds digit of j?
1
Suppose -3*r = 10 - 43. Suppose -r = -2*n - 1. Suppose z = n - 0. What is the units digit of z?
5
Let v(a) be the third derivative of a**6/120 + a**5/15 + a**3/2 - a**2. Let h be v(-4). Suppose -h*x = 6, 3*s - 2*x - 32 = -s. What is the units digit of s?
7
Let i(v) = 2*v + 0*v + 0*v + 2 + 2*v. What is the tens digit of i(3)?
1
Let x = 17 - 1. What is the tens digit of x?
1
Suppose -7 = 2*r - 1, 0 = -2*l - 2*r + 112. What is the units digit of l?
9
Let j = -6 - -18. Let i = j + -9. What is the units digit of i?
3
What is the tens digit of (-1004)/(-14) + (-16)/(-56)?
7
Suppose -3*t + 127 = -26. What is the tens digit of t?
5
Let a(q) = -q**2 + 5*q - 3. Let x be a(2). Suppose -x*k = 2*k - 10. Suppose 5*m - g - 49 = 0, 2*m + 2*g = -2*g + k. What is the units digit of m?
9
Suppose 2*g - 40 = -3*g. Let q = 3 - g. Let n(u) = -u - 4. What is the units digit of n(q)?
1
Suppose 6 = 2*l - 0*l. Suppose -28 = -l*i + i. What is the units digit of i?
4
Let z(s) = -5*s - 5. Let k be z(-4). Suppose 3*p = -m + 3, -p - k = -6*p. Let q = 13 + m. What is the units digit of q?
7
Let n(q) = -q**3 - 15*q**2 - 5*q - 4. Let v be n(-15). Suppose 4*z + 19 - v = 0. What is the units digit of z?
3
Suppose x - 4*x = 27. Let y(g) = 2*g + 3. Let p be y(x). What is the units digit of 6/p + (-17)/(-5)?
3
Let a(o) = -o - 7. Let z be a(-5). Suppose 4*j - q - 23 = 0, 0*j - 29 = -5*j + q. Let w = z + j. What is the units digit of w?
4
Let r(g) be the third derivative of 1/24*g**4 + 1/3*g**3 + 0*g + 0 - 4*g**2. What is the units digit of r(5)?
7
Let z = 15 - 7. What is the units digit of z?
8
Let f(s) = -2*s. Let t be f(-2). Suppose 0 = -5*d + 5, d = -2*n + 3*d + t. What is the units digit of n?
3
Suppose 6*u - u = -2*p + 896, -u = 3*p - 187. What is the tens digit of u?
7
Let m = 20 + -7. Suppose 3*g + m = -2. Let o = g - -8. What is the units digit of o?
3
Let n be (-3)/9 - 22/(-3). Suppose -3*o = -4*o + n. What is the units digit of o?
7
Let a(d) be the first derivative of d**2 - 2 + 4 - d - 2*d**2. What is the units digit of a(-3)?
5
Suppose 4*a - 4*i - 552 = -0*i, 5*i - 297 = -2*a. What is the hundreds digit of a?
1
Let y = 21 - 22. What is the tens digit of (1 - y)*117/6?
3
Let h(m) = -m**2 - 5*m - 2. Let g be h(-4). Let n be 1 + -1 + g + 20. Suppose 2*x - n = -6. What is the units digit of x?
8
Suppose -5*o + 16 = 2*c - 4, 2*o - 4 = 0. Suppose -6*l + 40 = 5*z - l, -c*z = 3*l - 38. What is the units digit of z?
7
Let q = 270 - 141. What is the hundreds digit of q?
1
Let u(j) = -j**2 - j + 8. L